t is i(12)?
431
Let f(l) = -l**3 + 489*l**2 - 2855*l + 1883975. Determine f(491).
8
Let d(r) = 432841*r + 9522486. Determine d(-22).
-16
Let m(j) = -j**2 + 3995*j + 36022. Give m(-9).
-14
Let j(p) = 2*p**3 - 35*p**2 + 68*p - 974. Determine j(16).
-654
Let l(w) = w**3 - 3*w**2 + 293691*w + 881128. What is l(-3)?
1
Let s(w) = -3*w**2 + 930*w + 9901. Calculate s(-10).
301
Let z(y) = -15*y**2 - 3045*y - 3046. What is z(-1)?
-16
Let o(j) = 380634*j - 761257. What is o(2)?
11
Let q(g) = 597610*g - 11952196. What is q(20)?
4
Let n(v) = -v**3 - 131*v**2 - 2647*v + 96. Calculate n(-106).
-222
Let a(t) = -t**2 + 1653*t + 11473. Determine a(-7).
-147
Let y(a) = 13926*a - 27847. Give y(2).
5
Let h(d) = 11*d**2 - 36577*d + 146164. What is h(4)?
32
Let l(c) = c**3 + 23*c**2 + 148*c - 6. What is l(-16)?
-582
Let i(h) = 368*h**2 - 10299*h - 125. Give i(28).
15
Let w(u) = 9*u**3 + 61*u**2 - 951*u - 6538. Calculate w(-7).
21
Let f(v) = 3653*v + 58624. What is f(-16)?
176
Let k(p) = 12160*p + 60899. Calculate k(-5).
99
Let j(t) = -2419*t + 9569. What is j(4)?
-107
Let d(s) = -s**3 - 5*s**2 - 723*s - 4435. Determine d(-6).
-61
Let u(o) = 2242*o - 35868. Calculate u(16).
4
Let z(j) = 3655*j - 14039. What is z(4)?
581
Let y(d) = 24399*d + 3147475. Give y(-129).
4
Let g(w) = 2*w**2 - 103*w + 1348. Calculate g(38).
322
Let a(z) = z**2 - 73*z - 12709. Determine a(-82).
1
Let o(p) = 15*p**2 + 2118*p + 12643. Give o(-6).
475
Let b(m) = -100*m - 5577. Calculate b(-49).
-677
Let s(y) = 354*y - 15065. Determine s(42).
-197
Let p(z) = -4*z**3 - 182*z**2 + 88*z + 98. Calculate p(-46).
282
Let y(x) = -x**2 - 619*x + 372741. Give y(375).
-9
Let f(s) = -14623*s**2 + 131606*s + 16. Calculate f(9).
7
Let u(n) = 328*n + 10739. Determine u(-30).
899
Let q(r) = -3434*r - 453229. Calculate q(-132).
59
Let p(h) = -h**3 - 21*h**2 - 109*h - 1341. What is p(-19)?
8
Let h(z) = -3*z**3 - 6*z**2 - 45*z - 282. Give h(-4).
-6
Let q(i) = -69140*i + 898786. Calculate q(13).
-34
Let j(h) = 402*h + 372. Give j(-4).
-1236
Let c(r) = -11*r**2 + 34*r - 15. What is c(-10)?
-1455
Let v(k) = 1181*k - 63783. Determine v(54).
-9
Let v(h) = -8*h**2 - 4893*h + 197458. Calculate v(38).
-28
Let s(v) = -v**3 + 39*v**2 + 1738*v + 330. What is s(-26)?
-918
Let b(g) = 51*g**2 + 5702*g - 1138. Calculate b(-112).
-18
Let z(j) = -20*j**2 - 614*j + 3098. Determine z(5).
-472
Let a(q) = 20*q**2 + 4419*q - 53. Determine a(-221).
168
Let b(w) = -2*w**2 - 53*w - 888. Calculate b(-14).
-538
Let p(i) = -4*i**3 - 80*i**2 + 357*i + 6893. What is p(-19)?
-1334
Let u(f) = -17*f - 158. Give u(40).
-838
Let y(k) = -3390*k + 13374. Determine y(4).
-186
Let l(j) = -387*j + 4229. Determine l(11).
-28
Let c(q) = -q**2 - 3530*q + 738150. Calculate c(198).
6
Let b(s) = 204173*s + 1225029. What is b(-6)?
-9
Let w(n) = -104*n**2 - 3613*n - 2607. Calculate w(-34).
11
Let i(d) = -66*d - 5007. Give i(-126).
3309
Let t(n) = n**3 + 1281*n**2 - 1884*n - 4049932. Give t(-1280).
-12
Let c(j) = 1065*j + 4884. Determine c(-6).
-1506
Let a(f) = -184*f**2 + 223*f + 399. Give a(-3).
-1926
Let t(i) = -31*i**2 - 85*i - 394. Give t(-4).
-550
Let k(s) = 60487*s + 786222. Give k(-13).
-109
Let g(j) = -j**2 - 5458*j - 2585408. Calculate g(-524).
8
Let p(j) = -940*j + 4315. Calculate p(5).
-385
Let q(o) = 291*o + 8056. Determine q(-30).
-674
Let d(m) = -165*m**2 - 1057*m - 1055. Calculate d(-1).
-163
Let d(y) = -94137*y - 1976882. Determine d(-21).
-5
Let a(w) = 8*w**3 - 55*w**2 - 3*w - 37. What is a(7)?
-9
Let w(v) = -v**3 + 123*v**2 + 311*v - 7589. Calculate w(125).
36
Let j(s) = -62850*s - 377148. What is j(-6)?
-48
Let u(i) = -17*i**2 + 669*i + 22459. What is u(61)?
11
Let g(q) = 2491*q - 43856. What is g(17)?
-1509
Let k(d) = d**3 - 17*d**2 + 2*d + 347. Calculate k(19).
1107
Let n(b) = -2*b**3 + 641*b**2 - 5903*b - 1880. Calculate n(311).
-14
Let g(a) = a**3 + 56*a**2 + 398*a + 33920. Give g(-59).
-5
Let o(y) = -21*y**2 + 4062*y + 231293. Calculate o(-46).
5
Let y(m) = -104*m**2 + 158*m - 477. Calculate y(3).
-939
Let c(s) = -s**2 - 238*s - 7272. Calculate c(-54).
2664
Let s(d) = -640*d**2 + 6575*d - 148. Calculate s(10).
1602
Let o(a) = -a**3 - 382*a**2 - 2188*a - 1536. Calculate o(-5).
-21
Let m(c) = -4*c**3 + 204*c**2 + 57*c - 15. What is m(51)?
2892
Let h(a) = 108938*a + 2396613. Give h(-22).
-23
Let s(y) = -10*y**2 - 7*y - 123. What is s(-14)?
-1985
Let w(j) = -51*j - 8105. What is w(-162)?
157
Let u(b) = -74*b**2 - 5412*b - 594. Give u(-73).
136
Let k(o) = 2*o**3 - 103*o**2 + 51*o + 124. Determine k(51).
124
Let v(s) = -9*s**2 - 87307*s + 87315. Give v(1).
-1
Let x(v) = -3680*v**2 - 25740*v + 9. Determine x(-7).
-131
Let z(i) = 2*i**3 + 28*i**2 - 38*i + 1083. What is z(-17)?
-5
Let w(l) = 58*l**2 + 532*l - 65. Determine w(-9).
-155
Let j(f) = -4*f**3 + 96*f**2 + 66*f + 65. Give j(25).
-785
Let f(i) = -i**3 - 60*i**2 + 550*i + 259. What is f(-68)?
-149
Let q(m) = -110*m - 1118. What is q(-6)?
-458
Let q(t) = 176501*t - 6001031. Determine q(34).
3
Let m(v) = 13*v**3 - 1519*v**2 - 1789*v + 2252. Calculate m(118).
10
Let s(c) = 22155*c + 465264. Determine s(-21).
9
Let q(g) = 6*g**2 - 4380*g + 30340. Calculate q(7).
-26
Let y(i) = i**3 - 25*i**2 + 19*i - 5. What is y(0)?
-5
Let n(t) = -109*t + 4065. Determine n(36).
141
Let g(h) = h**3 - 349*h**2 - 2058*h + 352759. Give g(352).
55
Let y(x) = 9*x**3 - 773*x**2 - 94*x + 969. Determine y(86).
281
Let l(j) = -172346*j - 1033884. What is l(-6)?
192
Let a(q) = 3*q**2 + 2829*q - 19976. What is a(7)?
-26
Let k(a) = 6558*a - 26229. Give k(4).
3
Let o(p) = -p**3 + 105*p**2 + 1520*p + 403. Give o(118).
-1249
Let k(y) = -294*y - 2795. Give k(-10).
145
Let g(h) = -h**3 - 44*h**2 + 605*h + 21. Determine g(-55).
21
Let v(f) = -131*f + 1493. Give v(-2).
1755
Let n(d) = -2*d**3 + 69*d**2 + 1300*d - 45312. Determine n(34).
44
Let z(h) = h**3 - 32*h**2 + 170*h - 109. Give z(22).
-1209
Let n(x) = -x**3 + 32*x**2 + 113*x + 1283. What is n(36)?
167
Let f(o) = -3*o**2 + 42*o + 181. Calculate f(25).
-644
Let b(d) = -d**2 + 488*d + 2927. Calculate b(-6).
-37
Let o(x) = 9*x**2 - 576*x + 9048. Give o(16).
2136
Let f(n) = -n**2 - 206*n - 3969. Give f(-22).
79
Let l(h) = 48*h**2 - 66*h + 244. Give l(7).
2134
Let t(h) = 477987*h + 8603771. What is t(-18)?
5
Let p(w) = 2*w**2 - 333*w + 6231. Calculate p(29).
-1744
Let t(w) = 3125*w**2 - 631252*w + 387. What is t(202)?
-17
Let h(u) = u**3 - 218*u**2 - 977*u + 19697. What is h(222)?
-61
Let z(w) = 2*w**2 - 828*w + 79511. What is z(263)?
85
Let b(p) = 2*p**2 - 68*p - 1539. What is b(74)?
4381
Let p(h) = -h**2 - 797*h - 39435. Calculate p(-53).
-3
Let t(l) = 1527*l**2 + 13774*l + 65. Give t(-9).
-214
Let w(u) = 16941*u - 914840. Calculate w(54).
-26
Let d(g) = 9*g**3 - 17*g**2 + 7*g + 41. Give d(-4).
-835
Let u(f) = -25*f**2 + 13455*f - 2723. Calculate u(538).
-33
Let y(s) = -2*s**3 + 2*s**2 - 192*s + 1206. Give y(7).
-726
Let r(h) = -59036*h - 944580. What is r(-16)?
-4
Let t(f) = -3*f**2 + 147*f - 963. What is t(6)?
-189
Let f(b) = 6956*b**2 + 1335552*b - 25. What is f(-192)?
-25
Let r(z) = 26*z**3 - 59*z**2 - 176*z - 2. Calculate r(-3).
-707
Let x(u) = -u**3 + 50*u**2 + 3351*u - 162. Determine x(88).
454
Let v(b) = b**2 + 4042*b + 463048. Give v(-118).
16
Let w(l) = 2*l**2 - 25241*l + 100954. What is w(4)?
22
Let r(m) = 8215*m + 205353. Calculate r(-25).
-22
Let f(l) = -3*l**3 - 32*l**2 + 65*l - 417. Give f(-13).
-79
Let c(g) = -25851*g + 672212. Determine c(26).
86
Let h(j) = 3*j**3 + 51*j**2 + 47*j + 1064. Give h(-17).
265
Let m(o) = 84326*o - 84243. What is m(1)?
83
Let k(t) = -t**3 - 12*t**2 - 29*t - 282. Determine k(-12).
66
Let w(l) = 26*l**2 + 5262*l + 265543. Give w(-96).
7
Let x(r) = 46*r**2 - 2541*r + 3077. Give x(54).
-1
Let h(j) = -69250*j + 6855767. What is h(99)?
17
Let y(r) = 642*r + 15792. Determine y(-25).
-258
Let h(p) = -2*p**3 - 533*p**2 + 236*p - 8268. What is h(-267)?
9
Let j(t) = -4*t**2 - 800*t - 16132. Determine j(-23).
152
Let v(s) = -29*s**2 + 1795*s - 198. Determine v(61).
1388
Let t(a) = 3*a**3 + 8*a**2 + 479*a - 3860. Determine t(8).
2020
Let n(c) = 2079*c + 14274. Determine n(-7).
-279
Let l(d) = 12*d**2 + 815*d + 11793. Give l(-47).
-4
Let r(d) = -2110*d + 523284. Determine r(248).
4
Let a(d) = 4*d**2 - 196*d + 569. What is a(3)?
17
Let a(q) =